3 + 13*q**2 - q - 4. Give d(13).
-17
Let h(v) = -v + 9. Determine h(-2).
11
Let m(t) = t**3 - 18*t**2 - 20*t - 3. Determine m(19).
-22
Let w(r) = 2*r - 72. Calculate w(35).
-2
Let i(f) = -3*f**2 + 6*f + 5. What is i(5)?
-40
Let v(z) = 4*z + 65. Give v(-18).
-7
Let z(q) = q**3 - 22*q**2 + 16*q + 110. Determine z(21).
5
Let r(m) = -m - 5. Give r(3).
-8
Let v(p) = -p**2 - p + 34. Determine v(0).
34
Let a(x) = 2*x**3 - 3*x**2 - 4*x + 3. Determine a(3).
18
Let b(s) = -2*s + 14. Calculate b(-7).
28
Let d(x) = -7*x**2 + x + 3. Determine d(2).
-23
Let k(b) = b**3 + 4*b**2 + 5*b - 2. Calculate k(-3).
-8
Let v(h) = -2*h**2 + 18*h - 38. Calculate v(4).
2
Let w(r) = -r**2 - 12*r + 9. What is w(-13)?
-4
Let p(o) = -4*o + 7. Determine p(3).
-5
Let j(w) = w**3 + 3*w**2 - 4*w - 9. Give j(-4).
-9
Let f(h) = -h + 9. Give f(5).
4
Let a(u) = -26*u - 26. What is a(-1)?
0
Let d(y) = 23*y**2 + 5*y. Determine d(1).
28
Let i(d) = d**3 - 18*d**2 - 18*d - 13. Calculate i(19).
6
Let f(y) = 2*y**2 + 6*y - 39. Determine f(-7).
17
Let l(j) = 21*j - 3. Calculate l(3).
60
Let o(q) = -2*q - 51. What is o(-33)?
15
Let b(j) = -j**3 - 8*j**2 - 4*j - 9. What is b(-7)?
-30
Let y(a) = -a**2 + 2*a - 1. What is y(3)?
-4
Let v(k) = k**2 - 5*k - 3. What is v(6)?
3
Let q(t) = t**2 + 7*t - 5. What is q(-6)?
-11
Let u(q) = -12*q - 28. Determine u(0).
-28
Let v(t) = -2*t**2 + 3*t + 26. Give v(-4).
-18
Let i(p) = -17*p**2 + 4*p - 4. What is i(-2)?
-80
Let g(s) = s**2 + 31*s + 33. Give g(-30).
3
Let p(s) = s**3 + 2*s**2 + 21*s - 9. What is p(-4)?
-125
Let y(m) = m + 4. Give y(13).
17
Let f(o) = -5*o + 2. Calculate f(1).
-3
Let k(j) = -j**2 - 18*j + 7. Calculate k(-19).
-12
Let v(g) = g**3 - 9*g**2 + 21*g - 49. What is v(7)?
0
Let s(i) = i**3 - 3*i**2 - 2*i - 8. What is s(5)?
32
Let f(l) = 2*l**2 + 5*l. Give f(2).
18
Let v(y) = -16*y + 8. What is v(3)?
-40
Let w(k) = 25*k**2 - 23*k + 23. Give w(1).
25
Let u(k) = -k + 5. What is u(6)?
-1
Let y(b) = -b**2 + 20*b - 59. Calculate y(17).
-8
Let b(t) = t**2 - 2*t - 9. Determine b(5).
6
Let u(w) = w**3 - 7*w**2 + 8*w - 9. What is u(7)?
47
Let r(c) = c + 27. Give r(-12).
15
Let m(f) = -f + 28. Calculate m(22).
6
Let l(n) = -n**2 - 13*n - 13. Determine l(-11).
9
Let u(p) = p**3 - 12*p**2 - 27*p - 11. Calculate u(-2).
-13
Let n(o) = 3*o**3 + 2*o**2 + 4*o + 2. Calculate n(-2).
-22
Let d(l) = l**3 + 7*l**2 - 12*l - 13. Calculate d(-8).
19
Let i(o) = -o + 19. Calculate i(10).
9
Let k(i) = 3*i - 11. Calculate k(10).
19
Let h(l) = -2*l**3 - 3*l**2. Determine h(-2).
4
Let g(p) = p**3 + 6*p**2 + 7*p + 5. Give g(-4).
9
Let o(t) = -t**3 - 15*t**2 - 2*t - 3. Give o(-15).
27
Let l(d) = -d**3 + 21*d**2 + 23*d - 14. Give l(22).
8
Let o(b) = b**2 + 10*b - 53. What is o(-14)?
3
Let o(t) = -49*t - 18. What is o(-1)?
31
Let j(c) = c**2 + 7*c + 21. Give j(-14).
119
Let r(z) = z**3 + 6*z**2 - 8*z + 16. Give r(-8).
-48
Let c(a) = -a**3 - 12*a**2 + 3*a + 45. Calculate c(-12).
9
Let i(f) = f**3 + 2*f**2 + f + 3. What is i(-3)?
-9
Let r(f) = -f**3 + 17*f**2 + f - 8. Give r(17).
9
Let r(x) = x**3 - 6*x**2 - 13*x + 9. Calculate r(8).
33
Let t(n) = n**2 - 3*n. Give t(3).
0
Let k(r) = -3*r - 23. Give k(-10).
7
Let u(l) = -l**3 + 14*l**2 + 32*l - 7. Determine u(16).
-7
Let v(n) = 2*n + 13. Determine v(10).
33
Let d(o) = 18*o**3 + o**2 + o. What is d(-1)?
-18
Let m(g) = -6*g**2 + 13*g + 32. What is m(-2)?
-18
Let v(w) = -w - 10. Give v(-8).
-2
Let b(c) = c**3 + 6*c**2 - 14*c - 51. Give b(-7).
-2
Let n(x) = 2*x**2 - 9*x + 12. Give n(8).
68
Let o(m) = 2*m + 10. Calculate o(-4).
2
Let d(c) = 3*c + 1. Determine d(-5).
-14
Let i(n) = 2*n**3 + 19*n**2 - 6*n + 87. Calculate i(-10).
47
Let x(a) = 3*a**2 + 33*a + 13. Determine x(-11).
13
Let p(w) = -w - 43. Determine p(0).
-43
Let w(t) = 12*t - 3. Calculate w(1).
9
Let u(n) = -5*n**3 - n - 2. Calculate u(-2).
40
Let p(i) = -4*i**3 + 2*i**2 + 3*i + 3. Give p(-2).
37
Let g(p) = 8*p**2 - 6*p + 8. Determine g(1).
10
Let a(z) = -23*z**3 + 4*z**2 + 3*z. Give a(-1).
24
Let w(n) = 42*n**2 + 2*n - 13. Calculate w(0).
-13
Let o(t) = -5*t - 22. What is o(-5)?
3
Let f(y) = 36*y - 60. What is f(2)?
12
Let x(d) = 3*d**2 + d + 4. Determine x(3).
34
Let s(p) = -p**2 - 2*p + 51. What is s(6)?
3
Let a(x) = -8*x - 1. Calculate a(4).
-33
Let l(m) = -m**3 - 13*m**2 - 15*m - 34. Determine l(-12).
2
Let k(l) = -l - 26. Determine k(-8).
-18
Let l(n) = -n - 11. Give l(-7).
-4
Let t(p) = p**3 + 12*p**2 - 12*p + 11. Give t(-13).
-2
Let y(d) = d**3 + 3*d**2 - d + 2. What is y(-4)?
-10
Let w(p) = 2*p - 25. Determine w(15).
5
Let f(a) = a**2 + a - 36. Determine f(6).
6
Let f(h) = h**3 + 20*h**2 + 10*h + 46. Give f(-20).
-154
Let r(q) = -4*q - 41. What is r(21)?
-125
Let z(g) = g**3 - 11*g**2 - 14. Calculate z(11).
-14
Let p(y) = -y**2 + 9*y - 14. Determine p(7).
0
Let h(i) = i**3 - 7*i**2 - 9*i + 23. Calculate h(8).
15
Let b(c) = -c**3 + 4*c**2 - c + 10. Determine b(5).
-20
Let b(h) = 6*h + 105. Determine b(-17).
3
Let q(m) = -m**2 - 6*m + 3. Give q(-7).
-4
Let a(n) = 50*n**2 + 10*n - 2. Calculate a(2).
218
Let j(g) = -g**3 + 28*g**2 + 166*g + 11. Determine j(33).
44
Let k(x) = 3*x**3 - 2*x**2 - 3*x + 3. Calculate k(2).
13
Let y(w) = -w**3 - 8*w**2 - 13*w + 7. What is y(-6)?
13
Let g(j) = -j**3 - 5*j**2 - 2*j + 4. Give g(-7).
116
Let d(x) = -x**2 + 9*x - 1. Determine d(6).
17
Let x(u) = -u**2 + 8*u + 14. Give x(0).
14
Let n(o) = o**2 + 9*o - 5. What is n(-10)?
5
Let j(n) = n + 11. What is j(-9)?
2
Let w(m) = 2*m**3 + 80*m**2 - m - 33. Give w(-40).
7
Let d(g) = -5*g - 43. What is d(-6)?
-13
Let b(t) = 7*t**2 - 55*t + 5. Give b(8).
13
Let m(d) = 9*d**2 + 2. Give m(2).
38
Let p(u) = -2*u**2 + 15*u + 24. Give p(10).
-26
Let m(z) = -z**2 + 14*z + 2. Give m(-8).
-174
Let y(u) = -2*u**3 + 6*u**2 - 2*u + 4. Calculate y(4).
-36
Let q(o) = -o**2 + o - 2. Give q(-2).
-8
Let n(y) = 2*y**2 - 4*y + 6. Determine n(3).
12
Let f(y) = y**2 + 40. What is f(0)?
40
Let c(k) = -k**2 - 10*k - 32. Calculate c(-4).
-8
Let a(u) = -u**3 - 16*u**2 - 13*u + 7. What is a(-15)?
-23
Let o(s) = s**2 + 33*s + 211. Give o(-25).
11
Let f(q) = q**3 + q**2 - q. Calculate f(1).
1
Let x(m) = -m**2 + 21*m - 76. What is x(4)?
-8
Let f(i) = i - 27. Give f(8).
-19
Let c(t) = -3*t + 1. What is c(6)?
-17
Let h(z) = 4*z - 1. Give h(4).
15
Let v(w) = w - 22. Determine v(13).
-9
Let y(z) = 10*z - 380. What is y(38)?
0
Let x(n) = n - 14. Determine x(19).
5
Let q(v) = -v**3 - v**2 + 2*v - 15. Determine q(0).
-15
Let h(f) = -f**3 + 2*f + 29. Determine h(0).
29
Let p(z) = 7*z**3 - 19*z**2 + 17*z + 1. What is p(1)?
6
Let s(g) = 3*g + 4. What is s(-4)?
-8
Let i(r) = -r**3 - 15*r**2 - 12*r + 38. What is i(-14)?
10
Let k(y) = y**3. What is k(-1)?
-1
Let j(h) = h**3 - 6*h**2 - 2*h + 11. Determine j(5).
-24
Let p(q) = -q**2 - q - 26. What is p(0)?
-26
Let i(p) = -p**3 - 8*p**2 - 8*p - 6. Give i(-7).
1
Let w(x) = x**3 - 9*x**2 + 10*x - 2. Determine w(5).
-52
Let w(j) = 11*j**2 - 54*j - 3. Calculate w(5).
2
Let v(a) = -a**2 - 13*a - 11. Determine v(-8).
29
Let t(a) = 22*a + 160. Calculate t(-7).
6
Let u(d) = -d**2 + 3*d + 47. Determine u(10).
-23
Let v(f) = 3*f**2 - 33*f - 4. What is v(11)?
-4
Let i(x) = -x**3 + 15*x**2 - 12*x + 34. What is i(14)?
62
Let o(z) = -9*z + 27. What is o(8)?
-45
Let v(z) = -z**3 + 6*z**2 - 3*z - 17. Give v(5).
-7
Let v(r) = r + 2. What is v(3)?
5
Let b(w) = -w**3 + w**2 + w - 24. Calculate b(0).
-24
Let x(h) = -h - 14. Determine x(-4).
-10
Let o(c) = -10*c - 294. Give o(-29).
-4
Let s(n) = 3*n**2 + n - 4. Determine s(-3).
20
Let v(g) = -g**2 - 5*g + 7. What is v(-10)?
-43
Let w(j) = 2*j**2 - 35*j - 19. Determine w(18).
-1
Let f(o) = o**3 + o**2 - 5*o + 6. Give f(-6).
-144
Let l(o) = -o**3 + 6*o**2 - 3*o + 10. Determine l(6).
-8
Let y(j) = -23*j + 1. Calculate y(-1).
24
Let d(k) = -81*k**2 - 3*k - 1. Determine d(-1).
-79
Let r(k) = -128*k**3 - 2*k**2 + k + 1. Calculate r(1).
-128
Let i(l) = -34*l - 327. What is i(-10)?
13
Let f(o) = o**3 + 10*o**2 - o - 18. Calculate f(-10).
-8
Let o(z) = -z**2 - z - 7. Calculate o(2).
-13
Let x(i) = i**2 + 2*i - 72. Calculate x(-8).
-24
Let w(c) = c - 12. Give w(18).
6
Let a(b) = 2*b - 16. Calculate a(5).
-6
Let a(u) = -3*u + 55. What is a(23)?
-14
Let c(k) = -6*k - 73. Calculate c(-6).
-37
Let l(u) = -2*u**2 - 144*u - 540. Calculate l(-68).
4
Let o(q) = 3*q**2 + 